culate the greatest common divisor of 14 and r.
7
Let y(v) = -v**2 - v + 1. Let o(k) = -4*k**2 + 6*k. Let x(s) = o(s) - 3*y(s). Let z be x(6). Calculate the highest common divisor of 15 and z.
15
Let h = -16 - -18. Let i be (-2)/5 + (-224)/(-10). What is the highest common factor of h and i?
2
Let y be (6/8)/(1/4). What is the greatest common divisor of y and 21?
3
Suppose -4*h - 5*n + 48 = 5, -h - n + 11 = 0. Calculate the greatest common divisor of h and 96.
12
Let t be (0 + -8)*(4 - 6). Let u(v) = v + 18. Let z be 39/(-4) + (-7)/28. Let p be u(z). Calculate the greatest common divisor of t and p.
8
Let a(t) = -6*t - 1. Let z(c) = -c + 2. Let k be z(-8). Suppose 5*o + k = -0*o. Let p be a(o). What is the highest common divisor of p and 121?
11
Suppose -13*m + 12*m = -14. What is the highest common divisor of 70 and m?
14
Suppose 0 = 3*r - 3*u + 4*u - 46, 5*r = -2*u + 76. Calculate the greatest common factor of r and 112.
16
Suppose 0 = -2*x + 6 + 28. Calculate the highest common factor of x and 17.
17
Let t(c) be the third derivative of 1/10*c**5 - c**2 + 0 - 1/6*c**3 + 1/24*c**4 + 0*c. Let f be t(1). Calculate the greatest common divisor of f and 6.
6
Suppose 340 = 7*p - 3*p. What is the highest common divisor of p and 17?
17
Suppose -g + 26 + 72 = 0. Calculate the greatest common divisor of 14 and g.
14
Let l = 137 + -125. What is the highest common divisor of 36 and l?
12
Let c = 42 - 8. What is the highest common factor of c and 17?
17
Let q(o) = -3*o**2 + 4*o - 5. Let i be q(5). Let w = i + 105. What is the greatest common divisor of w and 5?
5
Let x = 24 + -22. Suppose x*r - 30 = 6*k - 3*k, -3*r + 45 = -3*k. Let z be 4/(-10) + (-152)/(-5). What is the greatest common factor of r and z?
15
Let j(z) = -z - 1. Let o be j(-1). Let a = o - 153. Let g = a + 258. Calculate the highest common divisor of 15 and g.
15
Suppose 5*c + 222 = 57. Let j be (-2)/3*c + 0. Calculate the greatest common divisor of 22 and j.
22
Let v = 73 - 41. Suppose -5*p - 3*y + v = -y, p = -3*y - 4. Let f be -2*22/p*-2. Calculate the greatest common factor of f and 55.
11
Suppose -f + 5*y = -19, -5*f + 0*y = 3*y - 11. Let q = 1 + 5. Let i be 28/q + (-6)/9. What is the greatest common factor of i and f?
4
Suppose 2*v + 0*v = 0. Let o = v + 6. What is the highest common factor of 24 and o?
6
Let a = 413 + -357. Let y be (0 - 1)/(-1) - -9. Let p = -3 + y. Calculate the highest common factor of a and p.
7
Suppose -2*s = -4*s + 84. Let z be (2/3)/(4/18). Suppose -3*k = k + z*a - 21, 2*k - 17 = 5*a. What is the highest common factor of k and s?
6
Let r be (-2)/7 + 150/(-14). Let u = r - -15. Let m = -9 - -15. Calculate the highest common factor of u and m.
2
Let f = 26 + -5. Calculate the greatest common factor of f and 105.
21
Let i(o) be the first derivative of o**3/3 + o**2 + 3*o - 9. Let j be i(-3). Let k be -12*1*(-2 - 0). What is the greatest common factor of j and k?
6
Suppose -12 = 3*t - 72. Suppose -2*g - 3*w + t = 0, -4*w = 2*g - 13 - 11. Suppose -g*h = -0*h - 220. Calculate the highest common factor of 22 and h.
11
Suppose l - 5*b = 21, 0 = 4*l - 0*b - 2*b - 30. Let s = -7 - -14. Let d = s + -4. What is the greatest common factor of l and d?
3
Let y be (-8)/(-6)*(-18)/(-4). Suppose -y = -0*b - 2*b. Suppose 27 - 108 = -3*j. Calculate the highest common factor of j and b.
3
Let g = -6 + 11. Suppose 2*p + 3 = -g. Let l be 2/(-4) + (-70)/p. Calculate the greatest common divisor of 34 and l.
17
Let g(r) = -r + 11. Let k be g(9). Suppose -u - 3 = -2*f, 5*f + 2*u = k*f + 8. What is the greatest common divisor of f and 10?
2
Let h = -34 + 55. Calculate the highest common factor of 231 and h.
21
Suppose -5*n = 14 - 109. What is the highest common factor of 95 and n?
19
Let b be 5/2*(-18)/(-4 + 1). What is the greatest common factor of 5 and b?
5
Suppose -2*m + m + 176 = 0. Let x = m - 22. What is the highest common factor of 14 and x?
14
Suppose 0 = 2*m + 5*y - 83, 5*m + 4*y - 43 = 139. What is the greatest common factor of 119 and m?
17
Suppose 3*h - 408 = -3*h. What is the greatest common factor of 17 and h?
17
Let f = 43 + 1. What is the highest common divisor of 11 and f?
11
Let k(i) = -3*i**2 - 15*i + 1. Let l(v) = 2*v**2 + 14*v - 2. Let t(j) = -3*k(j) - 4*l(j). Let y be t(11). What is the greatest common divisor of y and 2?
1
Suppose -6*s = -3*s - 30. Let u = s + -6. Suppose 3*g = -2*q + 17, 5*g + 8 = -17. Calculate the greatest common divisor of u and q.
4
Suppose -8*m - 316 = -1236. Calculate the greatest common factor of 46 and m.
23
Let c(p) = -p**3 - 4*p**2 + 3*p + 2. Let f(m) = -2*m**2 + m + 1. Let h(o) = -2*c(o) + 5*f(o). Let r be h(2). Calculate the greatest common divisor of r and 14.
7
Let g = 35 + -21. Suppose -2*s - 2*x + 14 = s, -s = -4*x + g. Suppose 4*d - s*n - 161 = 3*n, -d + 2*n + 38 = 0. What is the highest common factor of 4 and d?
4
Let s(w) = -w**2 - w + 4. Let p be s(0). Suppose p*l - 7*l = 0. Suppose 21 = 5*d - 0*d + 3*r, d - 5*r - 21 = l. What is the greatest common factor of d and 3?
3
Let a = -126 - -180. Calculate the greatest common factor of 6 and a.
6
Suppose -43 = -3*p - 13. Suppose l - 8 - p = 0. Calculate the highest common factor of l and 12.
6
Suppose -4*f + f + 24 = 0. Suppose -z = -5*h + 163, -h + 3*z + f = -19. Calculate the highest common divisor of h and 3.
3
Let c = -591 - -838. What is the greatest common factor of 19 and c?
19
Let u = 211 - 124. Let f = -43 + u. What is the highest common divisor of f and 11?
11
Let n be 3/2*104/3. Suppose -5*k + 0*z - 3*z + 98 = 0, 2*k = 2*z + n. Suppose -k + 62 = 4*w. Calculate the greatest common factor of 30 and w.
10
Let h be (-14)/4*12/(-7) - -4. Calculate the greatest common factor of 30 and h.
10
Let u = -121 - -122. What is the highest common divisor of u and 8?
1
Let l be -7*-4*4/8. What is the highest common divisor of 112 and l?
14
Let g be (24 - (0 + 2))/1. Calculate the highest common factor of 11 and g.
11
Let x = -27 + 30. Calculate the highest common factor of 6 and x.
3
Let a = -26 + 44. What is the greatest common factor of 66 and a?
6
Let o be 106 + (-14)/35 + (-8)/5. Calculate the highest common divisor of o and 13.
13
Let p be 79/9 + 2/9. Suppose 0 = a - p - 27. Calculate the highest common divisor of 12 and a.
12
Let c(p) = -p**3 - 2*p**2 - 6*p - 9. Let l be c(-6). Let n be 11/22*76/2. Calculate the greatest common divisor of n and l.
19
Let a(j) = j**3 - 5*j**2 + 5. Suppose -q + 0*q = -4. Suppose 0*x = q*x - 20. Let w be a(x). What is the greatest common factor of w and 15?
5
Let l = -5 - -7. Suppose 5*f - 32 = -l. Calculate the greatest common divisor of f and 66.
6
Let j(t) = -42*t**3 - 2*t**2 - 3*t - 1. Let g be j(-1). What is the highest common divisor of 14 and g?
14
Suppose 4*b - 45 = -b. Calculate the greatest common factor of 63 and b.
9
Let a = 23 - 22. Calculate the highest common divisor of 4 and a.
1
Let r(d) be the second derivative of 5*d**4/3 + 2*d. Let q be r(1). Let c be 2/(2 + (-6)/4). Calculate the greatest common factor of q and c.
4
Suppose -2*l - 2*u = -u - 221, 3 = 3*u. Calculate the highest common divisor of l and 44.
22
Suppose 5*l + 3*r = 16, 0 = -3*r + 7 - 1. Suppose l*i - 27 = 53. What is the greatest common factor of 5 and i?
5
Suppose 0*t - 5*t + 29 = -2*y, -15 = -5*y. Suppose -g = d + 2*d - 65, 0 = -4*g + d + 312. Calculate the greatest common divisor of t and g.
7
Let m = -4 + 16. What is the greatest common factor of m and 12?
12
Let t(r) = 6*r**2 - 4*r - 8. Let d be t(4). What is the highest common divisor of d and 16?
8
Let j(a) = a**3 + 6*a**2 - 10*a - 4. Let d be j(-7). Suppose 3*n + 3*s - 1 = d, -2*n = -2*s - 4. Calculate the greatest common factor of 20 and n.
4
Let s = -429 + 594. Suppose 2*v - 23 - 7 = 0. Calculate the greatest common divisor of v and s.
15
Let p(z) = z**3 + z**2 + 14. Let y be p(0). Suppose 101 = 3*g - 109. Calculate the highest common divisor of y and g.
14
Suppose 0 = -u - 4*u - y + 90, 0 = 3*u - 4*y - 31. What is the greatest common factor of 136 and u?
17
Suppose -4*y + 4*b - 9*b = -1125, 559 = 2*y - b. Let f(d) = 13*d + 2. Let l be f(2). What is the greatest common factor of l and y?
28
Suppose 0 - 4 = -2*h. Suppose -3*b = -q, 0 = 4*q + 10 + 2. Let p be (b + -33)*(-1)/h. What is the highest common di